Let x(u) = -5*u + 9. Let o(q) = q - 2. Let m(j) = -9*o(j) - 2*x(j). Calculate m(z).
8
Suppose -4*u - 94 = -318. Let q = 49 - u. Let k(c) = c**3 + 6*c**2 - 5*c + 8. Calculate k(q).
-6
Let g(y) be the third derivative of -y**5/60 - y**4/4 + 7*y**3/6 - y**2 - 45*y. What is g(-7)?
0
Let m(c) = -c**3 + 4*c**2 - 2*c + 4. Let j(s) = -s - 3. Let t be j(-7). Suppose 5*i - 4*k + 5 = 0, 1 - t = 4*i - 3*k. Let v be 3 + i*1/3. Calculate m(v).
-4
Let y be (-1)/(-3)*(-18 + (-9)/3). Let i(u) be the third derivative of -u**5/60 - u**4/3 - 5*u**3/6 - u**2. Give i(y).
2
Let z(c) be the third derivative of 0*c**3 + 1/120*c**6 + 1/24*c**4 + 44*c**2 + 1/15*c**5 + 0 - 2*c. What is z(-2)?
6
Let z(i) = 5*i - 3. Let p(s) = -s + 1. Suppose -2 = -2*n - 0. Suppose -62*c = -56*c - 12. Let t(u) = c*p(u) + n*z(u). Calculate t(3).
8
Let t(u) = u + 3. Suppose 79*s = 80*s + 3*q + 9, q + 3 = -s. Give t(s).
3
Let o(f) = -f**2 - 8*f - 5. Let g be (7 + -3)*15/(-20). Let q be 171/(-19) + 3*(-2)/g. Determine o(q).
2
Let u = 513 + -512. Let i(f) = 6*f**3 - f. Determine i(u).
5
Let v be 6/27 - 136/(-36). Let l(n) = v*n - n**3 + 0*n + 6 - 7*n**2 - 4*n - 5*n. Calculate l(-6).
0
Let c(p) = -307*p**2 + 1 + 0 + 316*p**2. Let s be (-3 + 2)/(2/2). Give c(s).
10
Let p(b) = -9*b + 13*b + b**2 - 4 - b + b. Give p(-4).
-4
Let c(l) = -2*l**3 + 5*l**2 - 3*l + 1. Let d(f) = -f**2 + 9*f + 3. Let s be d(9). What is c(s)?
-17
Let p = 0 + -1. Let o(l) = -2*l**2 + 17*l + 12. Let a(m) = 5*m**2 - 48*m - 34. Let h(q) = -6*a(q) - 17*o(q). Calculate h(p).
5
Suppose -41 = -19*b - 3. Let o(z) be the first derivative of 5*z**2/2 - 3*z + 4. What is o(b)?
7
Let r = -7 + 5. Suppose a - 5*a - 4*f = 8, -3*f - 27 = -4*a. Let v(p) = 2*p**2 - 3*p**3 + a*p**3 + 2 + 3*p**3. Calculate v(r).
-14
Let k(y) be the second derivative of 0 - 3*y**2 - 6*y - 1/3*y**3. Calculate k(-8).
10
Let d be 112/504 + -1 + (-686)/9. Let j = -75 - d. Let v(p) = 7*p**2 + p - 2. What is v(j)?
28
Let x(i) = -16*i - 17*i**2 - 28*i**2 + 13 + 46*i**2. Determine x(16).
13
Suppose -u - j = 3, 2*j = 4*u + 3*j. Let n be (2/6)/(u/21). Let g(q) = -q + 20 + 15 + 13 - 42. Determine g(n).
-1
Let x(p) be the third derivative of 2*p**2 + 0 - 2/3*p**3 + 0*p - 1/8*p**4. Suppose -3 = -3*r + 4*t, 6*r + 5*t + 30 = r. What is x(r)?
5
Let w(z) be the third derivative of -z**5/60 - z**4/3 - z**3 - 125*z**2. Calculate w(-7).
1
Let f(u) be the second derivative of 5*u + 1/24*u**5 + 0*u**4 + 2/3*u**3 + 0*u**2 + 0. Let c(b) be the second derivative of f(b). Determine c(-1).
-5
Let b(q) be the third derivative of q**5/60 - q**4/24 + 2*q**3/3 - 370*q**2. Determine b(2).
6
Suppose 0 = -4*x + 20, 22 + 3 = -2*r + 5*x. Let q(s) be the third derivative of 1/2*s**3 + 5*s**2 + 1/60*s**5 + 1/6*s**4 + r + 0*s. Calculate q(-4).
3
Let s(b) = -10*b**2 - 14*b + 24. Let y(m) = 2*m**2 + 3*m - 5. Let c(v) = 3*s(v) + 14*y(v). Let l = -27 - -29. Calculate c(l).
-6
Suppose 2*u - 40 = -34. Let v(d) be the first derivative of -1/4*d**4 + u*d**2 + d**3 - 9 - d. What is v(4)?
7
Suppose 9 = 3*r + 5*x, -r - r + 6 = -5*x. Suppose p - r*a + 36 = 0, 0*a = -4*p - 4*a - 64. Let c = 20 + p. Let u(i) = -6*i**2. Calculate u(c).
-6
Let z(u) = 19*u + 64. Let o be z(-3). Let a(m) = 2*m**2 - 9*m - 2. What is a(o)?
33
Suppose 9*s - 8 = 5*s. Suppose -y = s*g + 12, g = -y - 0 - 8. Let x(f) = -f. Give x(g).
4
Suppose -8*x + 25 = -3*x. Let k be (-14)/(-70) + 34/x + 0. Let v(t) = -2*t + 4. Give v(k).
-10
Let y be 60/27 + 0 + 2/(-9). Let o be (-18)/24 + y/(-8). Let u(g) = 4*g**2. Give u(o).
4
Let r(x) = -5 + 18*x + 20 - 4*x + 2 + x**3 + 15*x**2 - 11. Calculate r(-14).
6
Let p be 33/(-198) - (-11)/60. Let y(i) be the third derivative of -1/12*i**4 - p*i**5 - 1/24*i**6 + 0*i + 0 - 1/6*i**3 - i**2. Calculate y(-1).
5
Let s(f) = f + 2. Suppose -37*y + 42*y - 120 = 0. Suppose -19*j = -y*j - 15. Calculate s(j).
-1
Let h(d) be the first derivative of d**2/2 - 23. What is h(5)?
5
Suppose -z + 27 = 2*z. Let y(d) = 3*d**3 - 10*d**2 + 8*d + 9. Let f(g) = -7*g**3 + 21*g**2 - 16*g - 18. Let h(u) = z*y(u) + 4*f(u). Calculate h(-7).
2
Let q(t) = -2*t**2 + t - 1 - 6*t**2 + 7*t**2. Let f be q(0). Let z(k) = 6*k - 1. What is z(f)?
-7
Let i(b) = -b**2 - 6*b + 1. Suppose 0*p - 57 = 4*p - 5*u, -4*u = -4*p - 52. Give i(p).
-15
Let q(n) = n**3 + 8*n**2 + n**2 + 6 + 1 + 9*n. What is q(-8)?
-1
Suppose 0 = -17*g + 26*g. Let s = -10 + 21. Let z(j) = 4*j - 3*j - 2*j - j**2 + 3 - s. What is z(g)?
-8
Let r(s) be the third derivative of -s**6/120 - s**5/15 + 5*s**4/24 - s**3/3 - 4*s**2. Suppose 3*q + 3 = -12. Calculate r(q).
-2
Let h(r) = -31*r - 7. Let f(i) = 11*i + 3. Let k(c) = 17*f(c) + 6*h(c). What is k(-8)?
1
Let k(n) = -7*n. Let z(r) = -r**3 + 31*r**2 + 37*r - 159. Let f be z(32). Determine k(f).
-7
Let w(t) = -t**2 - 5*t + 3. Let q be w(-5). Let n(k) = -8*k**3 + k + 2*k**3 - k**q. Suppose 0*p + 4 = -4*p. Determine n(p).
6
Let i be (-177)/60 - (-42)/14. Let f(m) be the second derivative of m**2 - 11*m - 1/6*m**4 - 1/6*m**3 + 0 - i*m**5. What is f(-2)?
4
Let a be (3/(-15) - -1)*(-70)/(-28). Let d(c) be the third derivative of c**5/60 - c**4/24 - c**3/3 - c**2. Give d(a).
0
Let o(h) = h**3 - 11*h**2 - 11*h - 3. Suppose 0 = 1031*s - 1034*s + 36. Give o(s).
9
Let a(s) = -s**2 - 5*s + 6 - 4 - 4. Suppose -w = -r - 16 + 15, 0 = -2*w - 4*r - 28. Determine a(w).
2
Suppose j + 3 = -0*j. Let n(h) be the third derivative of h**5/60 - h**4/24 - 2*h**3/3 - 82*h**2 + 1. What is n(j)?
8
Let i(k) = 6*k + 1. Let f(y) = 2*y + 21. Let w be f(-6). Let b = 7 + -4. Suppose -b*h = 3 - w. Calculate i(h).
13
Let q(l) be the second derivative of -l**3/6 - 2*l**2 + 6*l. Suppose -3*j + d = -4*j - 3, 4*d = -j + 3. Give q(j).
1
Let l(f) = 8*f**2 + 4*f - 3. Let b(p) = 3*p**3 + 14*p**2 - 4*p + 7. Let n be b(-5). Determine l(n).
37
Let k(g) = -3*g**3 - 6*g**2 + 20*g. Let b(a) = a**3 + 2*a**2 - 7*a. Let r(m) = -17*b(m) - 6*k(m). Suppose 331 = 5*n + 346. Calculate r(n).
-6
Suppose 216 = 110*w - 224. Let f(a) = 0*a - 2 + 4 + a. What is f(w)?
6
Let u(z) = z**2 + 2*z - 1. Let f = -36 + 42. Suppose 5*n = 5*w - 15, -f = -3*w + 2*w + 4*n. Determine u(w).
7
Let l = -24 + 23. Let r be ((1 + -8)/(-1))/l. Let b = 0 + r. Let f(x) = 2*x + 6. Determine f(b).
-8
Let p(m) = -m. Let w be -1 - (-6)/(6/(-3)). Let h(g) = g + 1. Let x(v) = w*p(v) - 5*h(v). Let f(n) = -n**2 + 4*n + 2. Let z be f(5). Calculate x(z).
-2
Suppose 4*b + 7*b - 2*b = 0. Suppose 5*h + b = 5. Let d(f) = -f**2 - 2*f + 1. Calculate d(h).
-2
Let u be 1 + (-12)/(-3) + 1. Let b = -3 + u. Let i(d) = 3*d - 4*d + 6*d**b + 3*d**3. Calculate i(1).
8
Let f(p) = p**3 + 4*p**2 + 2*p + 3. Let c(o) = o**3 + 5*o**2 + 3*o + 2. Let j(z) = 3*c(z) - 2*f(z). Give j(-6).
6
Let i(j) = 19*j**2 + 2*j - 12. Let n(x) = 7*x**2 + x - 4. Let k(s) = -4*i(s) + 11*n(s). What is k(-3)?
4
Let b(o) = o**3 + 7*o**2 - 12*o - 3. Suppose 4*j - 7 = -3*j. Suppose 0 = -5*g - 3*i - 28, -3*i + 3 = g - j. What is b(g)?
29
Let b(w) = -w**2 + 7*w - 4. Suppose -16 = m - 23. Suppose 4*v = 5*v - m. Let u = -2 + v. Determine b(u).
6
Let v(q) = -4*q**2 + 5*q + 11. Let y(s) = s + 1. Let a(g) = v(g) - 6*y(g). Let i(w) be the first derivative of a(w). Give i(1).
-9
Let r(g) = -g**2 - 2*g + 2. Let q(p) = -p**2 - 2*p + 1. Let c be q(1). Let f be (-2)/(-1)*3/c. Determine r(f).
-1
Let i(x) = -8*x + 1658*x**2 - 3 - 1660*x**2 + 23*x. Give i(10).
-53
Let v(u) = u**2 - 7*u - 27. Let f be v(10). Let o(y) = y + 2 + f*y**2 + 4*y - 2*y - 5*y. What is o(2)?
10
Let u be (-6)/((-1)/(-2) - 144/96). Let h(o) be the second derivative of -o**4/12 + 7*o**3/6 + o**2/2 - o. What is h(u)?
7
Let a be 1/(-2)*-8 - -24. Suppose -27*f - 2 = -a*f. Let u(g) = -2*g - 1. What is u(f)?
-5
Let c(h) be the second derivative of -h**4/3 - 5*h**3/6 + 4*h**2 + 12*h. Let q(p) = 4*p**2 + 4*p - 7. Let x(y) = -6*c(y) - 7*q(y). Determine x(-1).
-5
Let g(a) = -a**2 - 8*a + 2. Let j(q) = -q**3 + 32*q**2 + 68*q - 7. Let y be j(34). Determine g(y).
9
Let n(d) = -2*d. Let o(h) = -2*h - 1. Let y(j) = 2*n(j) + o(j). Let x(u) = 3*u**3 - 5 + 0*u - 5*u**2 - 4*u**3 - 5*u. Let k be x(-4). Give y(k).
5
Let g(h) be the first derivative of 2*h**3/3 + h**2 - 2*h + 39. Give g(2).
10
Let q(m) = 2*m**3 + 2*m**2 + 2*m + 1. Let z(u) = 6*u**3 - u**2 + u - 1. Let o be z(1). Let k(s) = o + s**3 - 3 - s**2 + s + 0*s. Let b be k(-1). What is